 7*i + 8. Let v be d(-8). Suppose v = -4*g - g + 10. What is the units digit of g*2/6*6?
4
Suppose 5*f - 29 = -79. Let b(z) = z**2 + 8*z + 12. What is the units digit of b(f)?
2
Let w = -2 - 4. Let v(o) be the second derivative of -o**3/6 + 7*o**2/2 - 8*o. What is the units digit of v(w)?
3
Let t be (-3)/18 + (-203)/6. Let n = t - -53. What is the tens digit of n?
1
Let c(j) = -2*j - 1. Let v be c(-3). Let s be 0 + -1 + 2 - -4. Suppose 0 = -2*m + s + v. What is the units digit of m?
5
Suppose 3*a = 10 + 2. What is the units digit of a?
4
Suppose k + 34 = 3*u, 2*u - 3*k - 2 = 3*u. Suppose u*b = 14*b - 28. What is the units digit of b?
7
Let m(o) = -o**3 + 10*o**2 + o - 6. Let j be 44/8 + (-1)/(-2). Let p(u) = 2*u - 2. Let h be p(j). What is the units digit of m(h)?
4
Let j(s) = 10*s**2 - 4*s - 7. What is the units digit of j(-4)?
9
Suppose 0*r - y = -5*r + 533, -3*r = -2*y - 324. What is the hundreds digit of r?
1
Let v = 2 + 2. Suppose 7 = -v*q + 27. What is the units digit of q?
5
Let i be 23/(-2) - 2/4. What is the tens digit of (-3)/12 - 267/i?
2
Let o(r) = r**2 + 7*r + 8. Let p be o(7). Suppose -2*m - 5*j + 37 = 0, 5*m - p = 2*j + 30. What is the tens digit of m?
2
Suppose 2*r = -4*o + 741 + 1085, 5*o + 4*r - 2287 = 0. What is the units digit of o?
5
Let u = -15 + 9. Let q(m) = -4*m - 7. What is the units digit of q(u)?
7
Let j(c) = -8*c**3 + 2*c + 1. Let n be j(-1). Suppose -m + n = -w, 0*w - 55 = -5*m + w. What is the tens digit of m?
1
Suppose 2*p + 2 = 8. Let g be p - 0 - (1 - 2). Let r = 14 - g. What is the tens digit of r?
1
Let u = 240 + 13. What is the tens digit of u?
5
Suppose -2*p - 356 = -3*t, -123 = -t + 4*p + p. What is the hundreds digit of t?
1
Let i be (0 + -1)/(3/(-9)). Suppose -7 + 43 = i*z. What is the units digit of z?
2
Let p(y) = 11*y - 1. Let i be p(-1). Let r be (-40)/6 + (-4)/(-6). Let n = r - i. What is the units digit of n?
6
Let y be 9/((-9)/(-14)) - -4. Suppose -w + 34 = j - y, -3*j = 5*w - 256. What is the tens digit of w?
5
Let n(d) = d**2 - d + 4. What is the tens digit of n(-5)?
3
Suppose -2*y = d + 10, -4*y + 3*y = -5*d - 17. What is the tens digit of (-4)/d*(0 + 17)?
1
Let v be 2/13 - (-24)/13. Suppose 0 = -4*n - 3*b - 2, -2*b - 3 - 3 = -v*n. What is the units digit of n?
1
Let o = 67 + 6. Suppose 14 = 3*a - o. What is the units digit of a?
9
Let k(d) = 3*d - 3*d + 6 + 2*d - d. What is the units digit of k(-4)?
2
Let l = -83 + 225. What is the units digit of l?
2
Suppose -5*u - 52 = -x, -4*x + 4*u + 225 - 17 = 0. What is the units digit of x?
2
Let z be 2 - -2*(2 - 3). Suppose -7*k + 5*k + 48 = z. What is the tens digit of k?
2
Let l = -3 - -4. Let u(b) = 5*b**2 + 2*b - 1. What is the units digit of u(l)?
6
Let u = -23 - -173. What is the tens digit of u?
5
Let i be ((-9)/(-6))/((-6)/(-8)). Let v be 3/9*i*-3. Let x = 0 - v. What is the units digit of x?
2
Let x = 2 + 4. Suppose j + 5 = x*j. Let r(u) = 5*u. What is the units digit of r(j)?
5
Suppose -y - 2*g - 5 = -0, -3*y + 6 = -g. What is the units digit of (0 - y)/((-3)/9)?
3
Let i(n) = n - 5. Let o be i(12). Suppose o*q - 4*q - 3 = 0. What is the units digit of q?
1
Let m be (-12)/(-4)*(-2)/(-3). Suppose -3*y - m*k + k = -14, -17 = -4*y - k. What is the units digit of y?
3
Suppose -2*y + 2*r + 27 = -7*y, 4*y = -5*r - 25. Let p = 31 + y. What is the tens digit of p?
2
Suppose 30*a - 27*a = 327. What is the units digit of a?
9
Suppose -4*y = 2*g - 4, 2*g - 1 = y - 2*y. Suppose -h - 3*h = g. Let j = 5 - h. What is the units digit of j?
5
Let c = -68 - -128. What is the tens digit of c?
6
Let o(r) = -26*r - 2. Let n be o(-2). Suppose g = -4*g + n. What is the tens digit of g?
1
Let j be (-2 + -1)/((-18)/(-60)). What is the units digit of j/(-10) + 3*3?
0
Suppose 2*z - 7 = -m, 0 = 4*z + 3*m - 2*m - 11. Suppose -z*d + 3 = d. What is the units digit of d?
1
Suppose 16 = 4*n - 0*n. Suppose 3*v - 5*v = -n. Suppose v*y + 4*p = 18, -y + p = 3*y - 9. What is the units digit of y?
3
Let s(j) = -j**3 + 7*j**2 + 7*j + 10. Let a be s(8). Suppose 144 = -a*f + 6*f. What is the tens digit of f?
3
What is the units digit of (-42)/(-147) + (-1279)/(-7)?
3
Suppose 0 = 3*y + 2*y - 230. What is the tens digit of y?
4
Suppose 1937 = 19*g - 6*g. What is the hundreds digit of g?
1
Let r be (1 + (-2)/(-2))/(-1). Suppose -35 = 3*w + 2*w. Let d = r - w. What is the units digit of d?
5
Let a be 19 - 1*(-5 - -4). Suppose -t + a = -5*w - 39, -3*t + 3*w = -117. What is the tens digit of t?
3
Suppose -3*u = -14 + 50. Let c be 1*-2*u/(-8). Let r(s) = s**3 + 3*s**2 - 2*s + 1. What is the units digit of r(c)?
7
Let w(s) = -45*s + 20. Let x(f) = f**3 + 4*f**2 - 3*f - 6. Let b be x(-4). Let y(r) = -15*r + 7. Let a(i) = b*w(i) - 17*y(i). What is the tens digit of a(-1)?
1
What is the units digit of (3/(-6) - 290/(-4))*4?
8
Let v be ((-1)/(-1))/(-1)*1. Let q be ((-72)/(-10))/(v/(-5)). Suppose -2*n - n = -q. What is the tens digit of n?
1
Let f = 148 + 0. What is the tens digit of f?
4
Let m be -2*(-1 + 0) + 0. Suppose 2*p = -m*p + 60. What is the units digit of p?
5
Let n be ((-4)/3)/(2/6). Let o be (2/4)/(n/(-24)). Suppose -2*a - o*a = -90. What is the tens digit of a?
1
Let b be (4/12)/((-1)/33). Let f = b - -39. What is the units digit of f?
8
Let a(d) = -d**2 + 2*d. Let z be a(5). What is the tens digit of 1*(-78)/z*5?
2
Suppose -4*w + 2*w = -204. What is the hundreds digit of w?
1
Let s be (-24)/21*14/(-4). Suppose -2*g - 67 = -3*p + 2, -s*p + 4*g + 96 = 0. What is the units digit of p?
1
Suppose -3*c - 2*c + 45 = -5*d, -2*c + 9 = d. Let h be (-1)/3*c*-1. Suppose -2 = m - h*m. What is the units digit of m?
2
Let m = -9 + 9. Suppose -5*d = 3*r - 154, r = -d - m*r + 32. What is the tens digit of d?
2
Let b(p) = -12*p - 14. What is the tens digit of b(-8)?
8
Suppose 0*i - 2*i = -12. Let w(j) = j**2 - 6*j + 7. Let p be w(i). Let c = -2 + p. What is the units digit of c?
5
Let t be (-15)/(-25)*(6 + -1). Suppose -18 = t*i - y - 0, 4*i + 23 = y. Let g = i + 10. What is the units digit of g?
5
Let u(g) = g - 1. Let q be u(4). Suppose -2*i = 3*c, q*i + 5*c - 5 = -3. Let s = i + 11. What is the units digit of s?
5
Let n = 14 + -10. Suppose -l + n*l - 9 = 0. What is the units digit of l?
3
Let y(d) = -8 - 2*d - 3 + 4*d. Let i be y(8). Suppose -q + 3*q - i*r = 31, -3*q - 2*r = 1. What is the units digit of q?
3
Let q = 9 - 7. Suppose -60 = -5*w + q*w. Let t = w - 12. What is the units digit of t?
8
Suppose 2*v - 7 = 23. Suppose -f + 50 = 5*z, -f = 2*f - v. What is the units digit of z?
9
Let u be (-1 - 1)*(-1 - 2). Suppose u*f - 13 = f + 3*a, -f + 2*a = -4. What is the units digit of f?
2
Let m = 0 - -8. Suppose -5*l + 18 = -m*l. Let v(n) = 2*n**2 + 10*n + 7. What is the units digit of v(l)?
9
Suppose -10*r = -17*r + 1176. What is the units digit of r?
8
Let d(h) = h - 1. Let u be d(9). What is the units digit of (5/(5/u))/2?
4
Let i(y) = -2*y**2 - 8*y. Let l(h) = 2*h**2 + 8*h + 1. Let o(d) = -5*i(d) - 4*l(d). What is the tens digit of o(-6)?
2
Let s be -5*(2 + 0 - 1). Let g = s + 3. Let v = g + 10. What is the units digit of v?
8
Let f = -17 + 47. Suppose b + 3 = 4*z, 4*b + f = 5*z + 8*b. What is the units digit of z?
2
Let p be -1*(1 + 0 + -1). Suppose p = -3*r + r + 2*l + 32, -4*l = -3*r + 52. What is the units digit of r?
2
Let f = -3 - -5. Suppose -2*x = f*r - 6, -5*r + 6*r - 6 = -4*x. Let i(t) = 2*t + 2. What is the units digit of i(r)?
6
Suppose 2*u + 5*k - 304 = -33, 3*k = 4*u - 529. What is the tens digit of u?
3
Suppose -2*j + 2*h + 8 = 0, h + 9 = -2*j + 20. Let t = j - -1. What is the units digit of t?
6
Let w(a) = 1. Let d(q) = q. Let b(s) = d(s) - 6*w(s). What is the units digit of b(9)?
3
Suppose -h + 99 = 5*f, 4*f + 5*h - 96 = -0*h. What is the units digit of f?
9
Suppose 0 = k - 7 + 3. What is the tens digit of k/(-8) + (-46)/(-4)?
1
Suppose 4*u = -12 + 28. Let n = u + -1. What is the units digit of n/(2*(-3)/(-14))?
7
Suppose 0 = -2*r - 2*r + 4*g + 44, -5*r - 4*g + 55 = 0. What is the units digit of r?
1
Let x = -26 + 68. What is the units digit of x?
2
Let x(s) = s**2 - 5*s - 7. Let v be x(5). Let l(g) = -g**2 - 9*g - 3. What is the units digit of l(v)?
1
Suppose -5*o + 0*o = -25. Suppose -24 = -x + o*x. Let d(p) = -p**2 - 8*p - 8. What is the units digit of d(x)?
4
Suppose 0 